factor of p and 44.
44
Suppose -3*i + 351 + 165 = 4*g, -5*i - 548 = -4*g. Calculate the highest common divisor of 12 and g.
12
Let z be (3*-3)/(((-8)/(-24))/(-1)). What is the highest common divisor of z and 837?
27
Let g = -1 - -5. Suppose -g*v + 224 = -0*v. Let x = 23 + -15. What is the highest common factor of x and v?
8
Let m be -2*-1*(150 - -1). Suppose 6*t = 8*t + 408. Let d = m + t. What is the greatest common factor of 14 and d?
14
Suppose 2*d = 3*s + 19, s - 3*s + 14 = 2*d. Let f(g) = -2 - 3 + 3 - 18*g. Let m be f(-5). What is the greatest common divisor of m and d?
8
Let v = 30 - 29. Let p(z) = 10*z**3 + 3*z**2 - 4*z + 2. Let g be p(v). What is the greatest common divisor of 44 and g?
11
Let s = 1157 - 1097. What is the greatest common factor of 36 and s?
12
Let s be (-8)/20*(-430)/2. Let m = s + -50. Calculate the greatest common factor of m and 24.
12
Suppose -4*w + 74 = 3*h + 18, -h + 4*w = -8. Let l = 106 - 26. What is the greatest common divisor of l and h?
16
Let b(t) = 5*t**2 - 2*t - 8. Let h(s) = -9*s**2 + 4*s + 16. Let d(p) = 11*b(p) + 6*h(p). Let w be d(-7). What is the highest common factor of w and 43?
43
Let p(b) = -2*b**2 - 94*b + 12. Let z be p(-45). Calculate the highest common factor of 60 and z.
12
Let g(v) = -5*v - 9. Let d(c) = -c - 7. Let z be d(-4). Let p be g(z). Calculate the highest common divisor of 24 and p.
6
Let q(g) = 7*g + 16 - 5*g - 2*g - 2*g. Let h be q(5). What is the greatest common divisor of h and 54?
6
Let j(l) = l**3 + 5*l**2 - 9*l - 4. Let p be j(-6). Let k be (-4)/(-6) + (-92)/(-24)*-14. Let z = k - -165. Calculate the highest common factor of z and p.
14
Suppose -5*r + d - 2*d + 467 = 0, -r + 97 = 2*d. Let i = r + -1. Calculate the highest common factor of i and 23.
23
Let k = 4 - 9. Let c = 15 + k. Suppose -5*y - c = -6*y. Calculate the greatest common divisor of 5 and y.
5
Let n be 18/8*(-20)/(-15). What is the highest common divisor of n and 15?
3
Suppose 2934 = 40*a - 3466. Calculate the highest common factor of 20 and a.
20
Let d(p) = -6*p - 8. Let g be d(-6). Let j(h) = -24*h - 209. Let f be j(-9). What is the greatest common divisor of g and f?
7
Let j be (-5 + 29)*(-595)/(-4). Suppose -5*t + j = 665. Suppose -6*w = -2*w - y - 575, -t = -4*w - 5*y. What is the highest common divisor of 18 and w?
18
Let w(q) = 5*q + 24. Let f be w(-5). Let r be (-4)/2*11*f/2. Calculate the highest common factor of 187 and r.
11
Suppose -686 - 266 = -4*h. Calculate the highest common factor of 833 and h.
119
Let g = 199 - 185. Calculate the highest common divisor of g and 18.
2
Let b(g) = -g**3 + 3*g + 7. Let l be b(-3). Let z(d) = 4 + 6 - d - 200*d**3 - 11. Let x be z(-1). Calculate the highest common factor of l and x.
25
Let u be (-57)/(-4) - (-2)/(-8). Let t = -30 - -91. Suppose -135 = -2*m + t. Calculate the highest common divisor of u and m.
14
Suppose -5*a - x + 105 = -5*x, 84 = 4*a + 5*x. What is the greatest common factor of 147 and a?
21
Let a(j) = 28*j - 130. Let h be a(7). What is the greatest common factor of h and 242?
22
Let r(l) = -2*l + 11. Let c be r(3). Suppose c*w = 13 + 547. What is the greatest common divisor of 14 and w?
14
Let p = 216 - 196. Let r(z) = z**3 - 5*z**2 - 7*z + 4. Let t be r(8). What is the greatest common factor of p and t?
20
Let v = -168 - -187. Calculate the greatest common factor of v and 399.
19
Suppose -56*x + 62*x = 42. Let a = -2 + 3. What is the greatest common divisor of a and x?
1
Let f = 66 + -17. Let a = f - 35. What is the highest common divisor of a and 35?
7
Let r(a) = 17*a - 105. Let x be r(12). What is the highest common divisor of 9 and x?
9
Let s be (-12)/54 - (-74)/9. Let m be 3542/110 - (11/5 + -2). Calculate the highest common factor of m and s.
8
Let j(i) = i**3 - 19*i**2 + 73*i - 3. Let n be j(5). What is the greatest common factor of 108 and n?
12
Let h(z) = -4*z - 6. Let a be h(13). Let r = a + 103. Let c = 44 + -29. Calculate the highest common divisor of c and r.
15
Let z(j) = -106*j**3 + 13*j**2 + 27*j - 1. Let s be z(-2). Calculate the highest common factor of s and 15.
5
Let n = -289 + 537. What is the highest common divisor of n and 8?
8
Suppose -4*u + 0*a = 5*a - 530, 5*u - 4*a - 683 = 0. Let c = -80 + u. Let p = -6 - -11. Calculate the greatest common divisor of c and p.
5
Let p(c) = 9*c**2 - 165*c + 30. Let d be p(19). Suppose 0 = -2*w - 3*w + 80. Calculate the highest common divisor of d and w.
16
Let m = 10 + -13. Let u = m + -1. Let q be -4*(98/u + 2). What is the greatest common factor of q and 36?
18
Suppose -31*w = -36*w + d + 4678, 5*d - 946 = -w. What is the greatest common factor of w and 288?
72
Suppose -6 = -636*c + 634*c. Calculate the highest common factor of 417 and c.
3
Let s be 411/27 - 20/90. What is the greatest common factor of 885 and s?
15
Let i be 15/1 + 20 + -17. What is the highest common factor of 46 and i?
2
Suppose 30*z - 226 - 284 = 0. Calculate the greatest common factor of z and 272.
17
Let t be (310/(-18) - 8/72)*-3. What is the highest common factor of t and 130?
26
Let o be (-166)/(-6) + (-6)/(-18). Let p(j) = 5*j + 17. Let i be p(5). Let c = -14 + i. What is the greatest common factor of c and o?
28
Let f(z) = z**3 + 10*z**2 - 10*z - 7. Let j be f(-5). What is the greatest common divisor of 24 and j?
24
Suppose 0 = 3*f + 2*f - 615. Suppose 3*n + 3*v = f, 5*v + 35 = n - 0*v. Calculate the greatest common factor of n and 5.
5
Suppose -13*n + 4*n = 0. Suppose -t = z - 2*t - 49, n = z + t - 39. What is the highest common factor of z and 66?
22
Suppose -745 = -11*h - 85. Let g(d) = 14*d + 1. Let f be g(1). What is the greatest common divisor of f and h?
15
Let r = -13 + 5. Let n be (-24)/32 + 2/r. Let o = n - -4. What is the highest common divisor of o and 15?
3
Suppose 59 = 5*t - 91. Let w = -21 + 33. What is the highest common divisor of t and w?
6
Let c be -3*(-4)/24*-2. Let b be (44/(-33))/(c/66). Suppose 8*h = 6*h + b. What is the highest common divisor of h and 110?
22
Let j be ((-180)/(-14))/(11/77). Calculate the highest common factor of 75 and j.
15
Let n be -1 + (2/9 - 2060/(-45)). Calculate the highest common factor of 63 and n.
9
Suppose -r + 9 = -3*t, -r - 2*r + t = -3. Let j(k) = -k**2 - k. Let q be j(r). Suppose 3*a - 7 - 8 = q. What is the greatest common factor of a and 55?
5
Suppose 4*n + 10 = 30. Let i = -1 + 4. Suppose -66 = -i*d - 0*k - 2*k, 3*k - 110 = -n*d. Calculate the highest common factor of 11 and d.
11
Suppose 9 = -4*z + o - 0*o, z = -o + 4. Let b be ((-246)/22 - (-2)/11)/z. What is the greatest common divisor of b and 77?
11
Let a be 0/(-2) - 4180/(-11). What is the greatest common divisor of a and 38?
38
Suppose 4*j - 1 = 971. What is the greatest common divisor of j and 9?
9
Suppose 4*m = -w + 445, -8*m + 559 = -3*m + 4*w. Let q = 132 - m. Suppose -3*a + 14 = -a. What is the greatest common factor of q and a?
7
Suppose 1495 + 460 + 355 = 105*q. Let j(y) = 45*y**2 + y. Let d be j(-1). Calculate the greatest common divisor of d and q.
22
Suppose 1071 = 50*g - 879. Calculate the highest common factor of g and 1209.
39
Suppose -3*s + 5*o + 280 = 0, -105 = -s + 10*o - 6*o. What is the highest common factor of s and 5?
5
Let b(o) = -5*o**2 + 37*o - 34. Let a be b(6). Calculate the greatest common factor of 824 and a.
8
Let r be 1 - (-5 + (-24 - -1)). Suppose 0 = -2*k + r + 15. What is the greatest common factor of k and 77?
11
Let t = 613 + -277. Suppose c = -6*x + x + t, -3*x = -4*c - 220. What is the greatest common divisor of 17 and x?
17
Suppose 36 = i - 34. Calculate the highest common divisor of 28 and i.
14
Suppose 2 = -c - 58. Let i = 71 + c. What is the highest common factor of i and 44?
11
Let a be (40/32)/((-3)/(-12)). Let t(h) = h**3 - 5*h**2 + 2*h - 2. Let g be t(5). Suppose p - g = 37. Calculate the greatest common factor of a and p.
5
Suppose -4*p - 5*g = -24, 4*p = p + 3*g - 9. Let u(o) = o + 13. Let t be u(-4). What is the greatest common factor of p and t?
1
Suppose -2*d + 6*d = 8. Let f be (-1228)/(-14) - d/(-7). Suppose a - f = -3*a. What is the greatest common divisor of 22 and a?
22
Suppose -4*h + 5*u = -860, -4*h = -8*h - 5*u + 820. What is the greatest common factor of 280 and h?
70
Let m = -212 - -258. Calculate the highest common divisor of m and 